{"id":356,"date":"2023-11-07T15:47:22","date_gmt":"2023-11-07T14:47:22","guid":{"rendered":"https:\/\/abf-avocats.fr\/?page_id=356"},"modified":"2023-11-07T15:49:47","modified_gmt":"2023-11-07T14:49:47","slug":"pierre-fonrouge","status":"publish","type":"page","link":"https:\/\/abf-avocats.fr\/index.php\/pierre-fonrouge\/","title":{"rendered":"Pierre FONROUGE"},"content":{"rendered":"\n<blockquote class=\"wp-block-quote is-layout-flow wp-block-quote-is-layout-flow\"><\/blockquote>\n\n\n\n<h4 class=\"wp-block-heading has-text-align-center\">\u00ab\u00a0Je suis fier de porter les valeurs de l\u2019ABF et d\u2019\u00eatre candidat.\u00a0\u00bb<\/h4>\n\n\n\n<div class=\"wp-block-media-text is-stacked-on-mobile\"><figure class=\"wp-block-media-text__media\"><img loading=\"lazy\" decoding=\"async\" width=\"819\" height=\"1024\" src=\"https:\/\/abf-avocats.fr\/wp-content\/uploads\/2023\/11\/6-819x1024.png\" alt=\"\" class=\"wp-image-326 size-full\" srcset=\"https:\/\/abf-avocats.fr\/wp-content\/uploads\/2023\/11\/6-819x1024.png 819w, https:\/\/abf-avocats.fr\/wp-content\/uploads\/2023\/11\/6-240x300.png 240w, https:\/\/abf-avocats.fr\/wp-content\/uploads\/2023\/11\/6-768x960.png 768w, https:\/\/abf-avocats.fr\/wp-content\/uploads\/2023\/11\/6.png 1080w\" sizes=\"auto, (max-width: 819px) 100vw, 819px\" \/><\/figure><div class=\"wp-block-media-text__content\">\n<p>\u00ab\u00a0Avocat au barreau de Bordeaux, j\u2019ai pr\u00eat\u00e9 serment comme avou\u00e9 en 2001. Membre du conseil de l\u2019Ordre 2015 et 2018. Vice B\u00e2tonnier en exercice.<\/p>\n\n\n\n<p>Je veux d\u00e9fendre l\u2019humanit\u00e9, la confraternit\u00e9, la territorialit\u00e9 et nos principes essentiels sans craindre les \u00e9volutions de notre exercice professionnel.\u00a0\u00bb<\/p>\n<\/div><\/div>\n","protected":false},"excerpt":{"rendered":"<p>\u00ab\u00a0Je suis fier de porter les valeurs de l\u2019ABF et d\u2019\u00eatre candidat.\u00a0\u00bb \u00ab\u00a0Avocat au barreau de Bordeaux, j\u2019ai pr\u00eat\u00e9 serment comme avou\u00e9 en 2001. Membre du conseil de l\u2019Ordre 2015 et 2018. Vice B\u00e2tonnier en<a class=\"moretag\" href=\"https:\/\/abf-avocats.fr\/index.php\/pierre-fonrouge\/\"> Read more&hellip;<\/a><\/p>\n","protected":false},"author":3,"featured_media":0,"parent":0,"menu_order":0,"comment_status":"closed","ping_status":"closed","template":"","meta":{"_monsterinsights_skip_tracking":false,"_monsterinsights_sitenote_active":false,"_monsterinsights_sitenote_note":"","_monsterinsights_sitenote_category":0,"footnotes":""},"class_list":["post-356","page","type-page","status-publish","hentry"],"_links":{"self":[{"href":"https:\/\/abf-avocats.fr\/index.php\/wp-json\/wp\/v2\/pages\/356","targetHints":{"allow":["GET"]}}],"collection":[{"href":"https:\/\/abf-avocats.fr\/index.php\/wp-json\/wp\/v2\/pages"}],"about":[{"href":"https:\/\/abf-avocats.fr\/index.php\/wp-json\/wp\/v2\/types\/page"}],"author":[{"embeddable":true,"href":"https:\/\/abf-avocats.fr\/index.php\/wp-json\/wp\/v2\/users\/3"}],"replies":[{"embeddable":true,"href":"https:\/\/abf-avocats.fr\/index.php\/wp-json\/wp\/v2\/comments?post=356"}],"version-history":[{"count":4,"href":"https:\/\/abf-avocats.fr\/index.php\/wp-json\/wp\/v2\/pages\/356\/revisions"}],"predecessor-version":[{"id":361,"href":"https:\/\/abf-avocats.fr\/index.php\/wp-json\/wp\/v2\/pages\/356\/revisions\/361"}],"wp:attachment":[{"href":"https:\/\/abf-avocats.fr\/index.php\/wp-json\/wp\/v2\/media?parent=356"}],"curies":[{"name":"wp","href":"https:\/\/api.w.org\/{rel}","templated":true}]}}