{"id":366,"date":"2023-11-07T15:54:31","date_gmt":"2023-11-07T14:54:31","guid":{"rendered":"https:\/\/abf-avocats.fr\/?page_id=366"},"modified":"2023-11-07T15:54:31","modified_gmt":"2023-11-07T14:54:31","slug":"antoine-fittante","status":"publish","type":"page","link":"https:\/\/abf-avocats.fr\/index.php\/antoine-fittante\/","title":{"rendered":"Antoine FITTANTE"},"content":{"rendered":"\n<h3 class=\"wp-block-heading has-text-align-center\">\u00ab\u00a0Je retrouve dans l\u2019ABF, syndicat apolitique, les valeurs humanistes sans lesquelles nous ne pourrions exercer dignement dans le respect du serment.\u00a0\u00bb<\/h3>\n\n\n\n<div class=\"wp-block-media-text is-stacked-on-mobile\"><figure class=\"wp-block-media-text__media\"><img loading=\"lazy\" decoding=\"async\" width=\"819\" height=\"1024\" src=\"https:\/\/abf-avocats.fr\/wp-content\/uploads\/2023\/11\/8-819x1024.png\" alt=\"\" class=\"wp-image-328 size-full\" srcset=\"https:\/\/abf-avocats.fr\/wp-content\/uploads\/2023\/11\/8-819x1024.png 819w, https:\/\/abf-avocats.fr\/wp-content\/uploads\/2023\/11\/8-240x300.png 240w, https:\/\/abf-avocats.fr\/wp-content\/uploads\/2023\/11\/8-768x960.png 768w, https:\/\/abf-avocats.fr\/wp-content\/uploads\/2023\/11\/8.png 1080w\" sizes=\"auto, (max-width: 819px) 100vw, 819px\" \/><\/figure><div class=\"wp-block-media-text__content\">\n<p>Ancien b\u00e2tonnier du barreau de Metz, j\u2019ai pr\u00eat\u00e9\u00a0serment le 8 d\u00e9cembre 1989. <\/p>\n\n\n\n<p>Je rejoins avec enthousiasme une \u00e9quipe soud\u00e9e et comp\u00e9tente, qui a pour souci de rechercher le juste \u00e9quilibre entre la d\u00e9fense de l\u2019ordinalit\u00e9 tout en accompagnant nos confr\u00e8res dans une p\u00e9riode charni\u00e8re de l\u2019\u00e9volution de la profession que ce soit dans les nouveaux outils mis \u00e0 disposition ou les modes d\u2019exercice, mais toujours dans le respect de nos r\u00e8gles et usages.<\/p>\n<\/div><\/div>\n","protected":false},"excerpt":{"rendered":"<p>\u00ab\u00a0Je retrouve dans l\u2019ABF, syndicat apolitique, les valeurs humanistes sans lesquelles nous ne pourrions exercer dignement dans le respect du serment.\u00a0\u00bb Ancien b\u00e2tonnier du barreau de Metz, j\u2019ai pr\u00eat\u00e9\u00a0serment le 8 d\u00e9cembre 1989. Je rejoins<a class=\"moretag\" href=\"https:\/\/abf-avocats.fr\/index.php\/antoine-fittante\/\"> Read more&hellip;<\/a><\/p>\n","protected":false},"author":3,"featured_media":0,"parent":0,"menu_order":0,"comment_status":"closed","ping_status":"closed","template":"","meta":{"_monsterinsights_skip_tracking":false,"_monsterinsights_sitenote_active":false,"_monsterinsights_sitenote_note":"","_monsterinsights_sitenote_category":0,"footnotes":""},"class_list":["post-366","page","type-page","status-publish","hentry"],"_links":{"self":[{"href":"https:\/\/abf-avocats.fr\/index.php\/wp-json\/wp\/v2\/pages\/366","targetHints":{"allow":["GET"]}}],"collection":[{"href":"https:\/\/abf-avocats.fr\/index.php\/wp-json\/wp\/v2\/pages"}],"about":[{"href":"https:\/\/abf-avocats.fr\/index.php\/wp-json\/wp\/v2\/types\/page"}],"author":[{"embeddable":true,"href":"https:\/\/abf-avocats.fr\/index.php\/wp-json\/wp\/v2\/users\/3"}],"replies":[{"embeddable":true,"href":"https:\/\/abf-avocats.fr\/index.php\/wp-json\/wp\/v2\/comments?post=366"}],"version-history":[{"count":2,"href":"https:\/\/abf-avocats.fr\/index.php\/wp-json\/wp\/v2\/pages\/366\/revisions"}],"predecessor-version":[{"id":368,"href":"https:\/\/abf-avocats.fr\/index.php\/wp-json\/wp\/v2\/pages\/366\/revisions\/368"}],"wp:attachment":[{"href":"https:\/\/abf-avocats.fr\/index.php\/wp-json\/wp\/v2\/media?parent=366"}],"curies":[{"name":"wp","href":"https:\/\/api.w.org\/{rel}","templated":true}]}}

<h3 class="wp-block-heading has-text-align-center">« Je retrouve dans l’ABF, syndicat apolitique, les valeurs humanistes sans lesquelles nous ne pourrions exercer dignement dans le respect du serment. »</h3>



<div class="wp-block-media-text is-stacked-on-mobile"><figure class="wp-block-media-text__media"><img loading="lazy" decoding="async" width="819" height="1024" src="https://abf-avocats.fr/wp-content/uploads/2023/11/8-819x1024.png" alt="" class="wp-image-328 size-full" srcset="https://abf-avocats.fr/wp-content/uploads/2023/11/8-819x1024.png 819w, https://abf-avocats.fr/wp-content/uploads/2023/11/8-240x300.png 240w, https://abf-avocats.fr/wp-content/uploads/2023/11/8-768x960.png 768w, https://abf-avocats.fr/wp-content/uploads/2023/11/8.png 1080w" sizes="auto, (max-width: 819px) 100vw, 819px" /></figure><div class="wp-block-media-text__content">
<p>Ancien bâtonnier du barreau de Metz, j’ai prêté serment le 8 décembre 1989. </p>



<p>Je rejoins avec enthousiasme une équipe soudée et compétente, qui a pour souci de rechercher le juste équilibre entre la défense de l’ordinalité tout en accompagnant nos confrères dans une période charnière de l’évolution de la profession que ce soit dans les nouveaux outils mis à disposition ou les modes d’exercice, mais toujours dans le respect de nos règles et usages.</p>
</div></div>

<p>« Je retrouve dans l’ABF, syndicat apolitique, les valeurs humanistes sans lesquelles nous ne pourrions exercer dignement dans le respect du serment. » Ancien bâtonnier du barreau de Metz, j’ai prêté serment le 8 décembre 1989. Je rejoins<a class="moretag" href="https://abf-avocats.fr/index.php/antoine-fittante/"> Read more&hellip;</a></p>
