{"id":528,"date":"2023-11-09T20:35:48","date_gmt":"2023-11-09T19:35:48","guid":{"rendered":"https:\/\/abf-avocats.fr\/?page_id=528"},"modified":"2023-11-09T20:35:49","modified_gmt":"2023-11-09T19:35:49","slug":"ludovic-leroy-2","status":"publish","type":"page","link":"https:\/\/abf-avocats.fr\/index.php\/ludovic-leroy-2\/","title":{"rendered":"Ludovic LEROY"},"content":{"rendered":"\n<h3 class=\"wp-block-heading has-text-align-center\">\u00ab\u00a0<strong>C\u2019est ainsi qu\u2019il m\u2019est apparu naturellement de faire le choix de l\u2019ABF, syndicat en parfaite ad\u00e9quation avec les pr\u00e9occupations quotidiennes de la profession.<\/strong>\u00ab\u00a0<\/h3>\n\n\n\n<div class=\"wp-block-media-text is-stacked-on-mobile\"><figure class=\"wp-block-media-text__media\"><img loading=\"lazy\" decoding=\"async\" width=\"819\" height=\"1024\" src=\"https:\/\/abf-avocats.fr\/wp-content\/uploads\/2023\/11\/20-1-819x1024.png\" alt=\"\" class=\"wp-image-428 size-full\" srcset=\"https:\/\/abf-avocats.fr\/wp-content\/uploads\/2023\/11\/20-1-819x1024.png 819w, https:\/\/abf-avocats.fr\/wp-content\/uploads\/2023\/11\/20-1-240x300.png 240w, https:\/\/abf-avocats.fr\/wp-content\/uploads\/2023\/11\/20-1-768x960.png 768w, https:\/\/abf-avocats.fr\/wp-content\/uploads\/2023\/11\/20-1.png 1080w\" sizes=\"auto, (max-width: 819px) 100vw, 819px\" \/><\/figure><div class=\"wp-block-media-text__content\">\n<p>J\u2019ai pr\u00eat\u00e9 serment en 2012 devant la Cour d\u2019appel de VERSAILLES.\u00a0<\/p>\n\n\n\n<p>J\u2019ai exerc\u00e9\u00a0au sein du barreau de Chartres en tant qu\u2019avocat g\u00e9n\u00e9raliste en qualit\u00e9 de collaborateur d\u2019un de nos confr\u00e8res exer\u00e7ant seul. Puis j\u2019ai rejoint le barreau de LILLE, de 2017 \u00e0 2019, toujours en qualit\u00e9 d\u2019avocat collaborateur avant d\u2019int\u00e9grer le barreau de LYON, au sein d\u2019une structure de taille plus importante.\u00a0\u00a0<\/p>\n\n\n\n<p>Ces diff\u00e9rentes exp\u00e9riences ont renforc\u00e9 mon amour de la profession et mon souci de la d\u00e9fendre efficacement, sous toutes ses formes, sur tout le territoire fran\u00e7ais.<strong>\u00a0<\/strong><\/p>\n<\/div><\/div>\n","protected":false},"excerpt":{"rendered":"<p>\u00ab\u00a0C\u2019est ainsi qu\u2019il m\u2019est apparu naturellement de faire le choix de l\u2019ABF, syndicat en parfaite ad\u00e9quation avec les pr\u00e9occupations quotidiennes de la profession.\u00ab\u00a0 J\u2019ai pr\u00eat\u00e9 serment en 2012 devant la Cour d\u2019appel de VERSAILLES.\u00a0 J\u2019ai<a class=\"moretag\" href=\"https:\/\/abf-avocats.fr\/index.php\/ludovic-leroy-2\/\"> Read more&hellip;<\/a><\/p>\n","protected":false},"author":3,"featured_media":0,"parent":0,"menu_order":0,"comment_status":"closed","ping_status":"closed","template":"","meta":{"_monsterinsights_skip_tracking":false,"_monsterinsights_sitenote_active":false,"_monsterinsights_sitenote_note":"","_monsterinsights_sitenote_category":0,"footnotes":""},"class_list":["post-528","page","type-page","status-publish","hentry"],"_links":{"self":[{"href":"https:\/\/abf-avocats.fr\/index.php\/wp-json\/wp\/v2\/pages\/528","targetHints":{"allow":["GET"]}}],"collection":[{"href":"https:\/\/abf-avocats.fr\/index.php\/wp-json\/wp\/v2\/pages"}],"about":[{"href":"https:\/\/abf-avocats.fr\/index.php\/wp-json\/wp\/v2\/types\/page"}],"author":[{"embeddable":true,"href":"https:\/\/abf-avocats.fr\/index.php\/wp-json\/wp\/v2\/users\/3"}],"replies":[{"embeddable":true,"href":"https:\/\/abf-avocats.fr\/index.php\/wp-json\/wp\/v2\/comments?post=528"}],"version-history":[{"count":1,"href":"https:\/\/abf-avocats.fr\/index.php\/wp-json\/wp\/v2\/pages\/528\/revisions"}],"predecessor-version":[{"id":529,"href":"https:\/\/abf-avocats.fr\/index.php\/wp-json\/wp\/v2\/pages\/528\/revisions\/529"}],"wp:attachment":[{"href":"https:\/\/abf-avocats.fr\/index.php\/wp-json\/wp\/v2\/media?parent=528"}],"curies":[{"name":"wp","href":"https:\/\/api.w.org\/{rel}","templated":true}]}}

<h3 class="wp-block-heading has-text-align-center">« <strong>C’est ainsi qu’il m’est apparu naturellement de faire le choix de l’ABF, syndicat en parfaite adéquation avec les préoccupations quotidiennes de la profession.</strong>« </h3>



<div class="wp-block-media-text is-stacked-on-mobile"><figure class="wp-block-media-text__media"><img loading="lazy" decoding="async" width="819" height="1024" src="https://abf-avocats.fr/wp-content/uploads/2023/11/20-1-819x1024.png" alt="" class="wp-image-428 size-full" srcset="https://abf-avocats.fr/wp-content/uploads/2023/11/20-1-819x1024.png 819w, https://abf-avocats.fr/wp-content/uploads/2023/11/20-1-240x300.png 240w, https://abf-avocats.fr/wp-content/uploads/2023/11/20-1-768x960.png 768w, https://abf-avocats.fr/wp-content/uploads/2023/11/20-1.png 1080w" sizes="auto, (max-width: 819px) 100vw, 819px" /></figure><div class="wp-block-media-text__content">
<p>J’ai prêté serment en 2012 devant la Cour d’appel de VERSAILLES. </p>



<p>J’ai exercé au sein du barreau de Chartres en tant qu’avocat généraliste en qualité de collaborateur d’un de nos confrères exerçant seul. Puis j’ai rejoint le barreau de LILLE, de 2017 à 2019, toujours en qualité d’avocat collaborateur avant d’intégrer le barreau de LYON, au sein d’une structure de taille plus importante.  </p>



<p>Ces différentes expériences ont renforcé mon amour de la profession et mon souci de la défendre efficacement, sous toutes ses formes, sur tout le territoire français.<strong> </strong></p>
</div></div>

<p>« C’est ainsi qu’il m’est apparu naturellement de faire le choix de l’ABF, syndicat en parfaite adéquation avec les préoccupations quotidiennes de la profession.«  J’ai prêté serment en 2012 devant la Cour d’appel de VERSAILLES.  J’ai<a class="moretag" href="https://abf-avocats.fr/index.php/ludovic-leroy-2/"> Read more&hellip;</a></p>
