{"id":538,"date":"2023-11-09T20:53:57","date_gmt":"2023-11-09T19:53:57","guid":{"rendered":"https:\/\/abf-avocats.fr\/?page_id=538"},"modified":"2023-11-09T20:53:58","modified_gmt":"2023-11-09T19:53:58","slug":"sandrine-vergonjeanne","status":"publish","type":"page","link":"https:\/\/abf-avocats.fr\/index.php\/sandrine-vergonjeanne\/","title":{"rendered":"Sandrine VERGONJEANNE"},"content":{"rendered":"\n<h3 class=\"wp-block-heading has-text-align-center\">\u00ab\u00a0Dans les mois qui viennent des questions essentielles, ayant un impact direct sur le devenir de notre profession vont \u00eatre d\u00e9battues, l\u2019ABF r\u00e9pondra pr\u00e9sent.\u00a0\u00bb<\/h3>\n\n\n\n<div class=\"wp-block-media-text has-media-on-the-right is-stacked-on-mobile\"><div class=\"wp-block-media-text__content\">\n<p>Avocate depuis 1999 j\u2019ai exerc\u00e9 au Barreau de Paris pendant 8 ans avant de rejoindre le Barreau de Meaux. J\u2019ai alors ressenti le besoin d\u2019un investissement plus profond pour notre profession. <\/p>\n\n\n\n<p>Une implication ordinale menant au B\u00e2tonnat et l\u2019int\u00e9gration du groupe mineurs du CNB m\u2019ont permis de d\u00e9couvrir le travail au sein du CNB. Je souhaite donc poursuivre mon engagement au sein du coll\u00e8ge g\u00e9n\u00e9ral.<\/p>\n\n\n\n<p><strong>Pourquoi rejoindre Avenir des Barreaux de France\u00a0? <\/strong><\/p>\n\n\n\n<p>Pour faire partie d\u2019une \u00e9quipe compos\u00e9e d\u2019avocats de terrain qui connaissent le quotidien des confr\u00e8res, motiv\u00e9s et soucieux de la d\u00e9fense de tous les avocats en m\u00e9tropole comme en Outre-Mer.<\/p>\n<\/div><figure class=\"wp-block-media-text__media\"><img loading=\"lazy\" decoding=\"async\" width=\"819\" height=\"1024\" src=\"https:\/\/abf-avocats.fr\/wp-content\/uploads\/2023\/11\/13-819x1024.png\" alt=\"\" class=\"wp-image-375 size-full\" srcset=\"https:\/\/abf-avocats.fr\/wp-content\/uploads\/2023\/11\/13-819x1024.png 819w, https:\/\/abf-avocats.fr\/wp-content\/uploads\/2023\/11\/13-240x300.png 240w, https:\/\/abf-avocats.fr\/wp-content\/uploads\/2023\/11\/13-768x960.png 768w, https:\/\/abf-avocats.fr\/wp-content\/uploads\/2023\/11\/13.png 1080w\" sizes=\"auto, (max-width: 819px) 100vw, 819px\" \/><\/figure><\/div>\n","protected":false},"excerpt":{"rendered":"<p>\u00ab\u00a0Dans les mois qui viennent des questions essentielles, ayant un impact direct sur le devenir de notre profession vont \u00eatre d\u00e9battues, l\u2019ABF r\u00e9pondra pr\u00e9sent.\u00a0\u00bb Avocate depuis 1999 j\u2019ai exerc\u00e9 au Barreau de Paris pendant 8<a class=\"moretag\" href=\"https:\/\/abf-avocats.fr\/index.php\/sandrine-vergonjeanne\/\"> Read more&hellip;<\/a><\/p>\n","protected":false},"author":3,"featured_media":0,"parent":0,"menu_order":0,"comment_status":"closed","ping_status":"closed","template":"","meta":{"_monsterinsights_skip_tracking":false,"_monsterinsights_sitenote_active":false,"_monsterinsights_sitenote_note":"","_monsterinsights_sitenote_category":0,"footnotes":""},"class_list":["post-538","page","type-page","status-publish","hentry"],"_links":{"self":[{"href":"https:\/\/abf-avocats.fr\/index.php\/wp-json\/wp\/v2\/pages\/538","targetHints":{"allow":["GET"]}}],"collection":[{"href":"https:\/\/abf-avocats.fr\/index.php\/wp-json\/wp\/v2\/pages"}],"about":[{"href":"https:\/\/abf-avocats.fr\/index.php\/wp-json\/wp\/v2\/types\/page"}],"author":[{"embeddable":true,"href":"https:\/\/abf-avocats.fr\/index.php\/wp-json\/wp\/v2\/users\/3"}],"replies":[{"embeddable":true,"href":"https:\/\/abf-avocats.fr\/index.php\/wp-json\/wp\/v2\/comments?post=538"}],"version-history":[{"count":1,"href":"https:\/\/abf-avocats.fr\/index.php\/wp-json\/wp\/v2\/pages\/538\/revisions"}],"predecessor-version":[{"id":539,"href":"https:\/\/abf-avocats.fr\/index.php\/wp-json\/wp\/v2\/pages\/538\/revisions\/539"}],"wp:attachment":[{"href":"https:\/\/abf-avocats.fr\/index.php\/wp-json\/wp\/v2\/media?parent=538"}],"curies":[{"name":"wp","href":"https:\/\/api.w.org\/{rel}","templated":true}]}}