{"id":56,"date":"2023-10-23T20:09:22","date_gmt":"2023-10-23T18:09:22","guid":{"rendered":"https:\/\/abf-avocats.fr\/?page_id=56"},"modified":"2023-11-29T19:26:45","modified_gmt":"2023-11-29T18:26:45","slug":"presentation","status":"publish","type":"page","link":"https:\/\/abf-avocats.fr\/index.php\/presentation\/","title":{"rendered":"L&rsquo;ABF Avenir des Barreaux de France"},"content":{"rendered":"\n<p><em>L&rsquo;ABF : Une Fondation en 1992 pour la Repr\u00e9sentativit\u00e9 des Avocats<\/em><\/p>\n\n\n\n<div class=\"wp-block-media-text has-media-on-the-right is-stacked-on-mobile\" style=\"grid-template-columns:auto 30%\"><div class=\"wp-block-media-text__content\">\n<p>Fond\u00e9e en 1992 par des confr\u00e8res d\u00e9termin\u00e9s, l&rsquo;ABF Avenir des Barreaux de France, est un syndicat d&rsquo;avocats d\u00e9di\u00e9 \u00e0 la repr\u00e9sentation de tous les avocats, quelle que soit leur mani\u00e8re d&rsquo;exercer, leur domaine d&rsquo;activit\u00e9, leur anciennet\u00e9 ou leur lieu d&rsquo;exercice. <\/p>\n<\/div><figure class=\"wp-block-media-text__media\"><img loading=\"lazy\" decoding=\"async\" width=\"512\" height=\"512\" src=\"https:\/\/abf-avocats.fr\/wp-content\/uploads\/2023\/10\/logo_512x512.png\" alt=\"\" class=\"wp-image-32 size-full\" srcset=\"https:\/\/abf-avocats.fr\/wp-content\/uploads\/2023\/10\/logo_512x512.png 512w, https:\/\/abf-avocats.fr\/wp-content\/uploads\/2023\/10\/logo_512x512-300x300.png 300w, https:\/\/abf-avocats.fr\/wp-content\/uploads\/2023\/10\/logo_512x512-150x150.png 150w\" sizes=\"auto, (max-width: 512px) 100vw, 512px\" \/><\/figure><\/div>\n\n\n\n<h3 class=\"wp-block-heading has-text-align-center\"><mark style=\"background-color:rgba(0, 0, 0, 0);color:#2e5153\" class=\"has-inline-color\">Notre mission premi\u00e8re est de d\u00e9fendre les int\u00e9r\u00eats de notre profession.<\/mark><\/h3>\n\n\n\n<p><strong><strong>NOTRE ACTION EN TROIS AXES<\/strong><\/strong><\/p>\n\n\n\n<div class=\"wp-block-columns is-layout-flex wp-container-core-columns-is-layout-9d6595d7 wp-block-columns-is-layout-flex\">\n<div class=\"wp-block-column is-layout-flow wp-block-column-is-layout-flow\" style=\"flex-basis:100%\">\n<div class=\"wp-block-group\"><div class=\"wp-block-group__inner-container is-layout-constrained wp-block-group-is-layout-constrained\">\n<ol class=\"wp-block-list\">\n<li><strong>Modernisation de la profession dans le respect des valeurs<\/strong> : tout en pr\u00e9servant les valeurs fondamentales de notre serment d&rsquo;ind\u00e9pendance sur tout le territoire.<\/li>\n\n\n\n<li><strong>Construction d&rsquo;un espace social professionnel<\/strong> : propice au d\u00e9veloppement et \u00e0 l&rsquo;\u00e9panouissement des avocats.<\/li>\n\n\n\n<li><strong>D\u00e9fense de la diversit\u00e9 des modes d&rsquo;exercice<\/strong> : reconnaissant que chaque avocat a des besoins sp\u00e9cifiques.<\/li>\n<\/ol>\n<\/div><\/div>\n<\/div>\n<\/div>\n\n\n\n<div class=\"wp-block-media-text is-stacked-on-mobile\" style=\"grid-template-columns:42% auto\"><figure class=\"wp-block-media-text__media\"><img loading=\"lazy\" decoding=\"async\" width=\"640\" height=\"427\" src=\"https:\/\/abf-avocats.fr\/wp-content\/uploads\/2023\/10\/Competence-de-juridiction-quel-tribunal-choisir.webp\" alt=\"\" class=\"wp-image-49 size-full\" srcset=\"https:\/\/abf-avocats.fr\/wp-content\/uploads\/2023\/10\/Competence-de-juridiction-quel-tribunal-choisir.webp 640w, https:\/\/abf-avocats.fr\/wp-content\/uploads\/2023\/10\/Competence-de-juridiction-quel-tribunal-choisir-300x200.webp 300w, https:\/\/abf-avocats.fr\/wp-content\/uploads\/2023\/10\/Competence-de-juridiction-quel-tribunal-choisir-360x240.webp 360w\" sizes=\"auto, (max-width: 640px) 100vw, 640px\" \/><\/figure><div class=\"wp-block-media-text__content\">\n<p><strong>NOTRE PRESENCE<\/strong><\/p>\n\n\n\n<p>L&rsquo;ABF est par le biais de ses \u00e9lus un syndicat pr\u00e9sent au coeur des institutions de la profession : le CNB, la Conf\u00e9rence des B\u00e2tonniers, les conseils de l&rsquo;Ordre, CARPA, CNBF (dont nous assumons la pr\u00e9sidence depuis 1998), LPA, SCB, K\u00e9rialis, et bien d&rsquo;autres.<\/p>\n<\/div><\/div>\n\n\n\n<p><strong>NOTRE PROXIMITE<\/strong><\/p>\n\n\n\n<p>L&rsquo;implication et la proximit\u00e9 de nos \u00e9lus avec leurs confr\u00e8res, gr\u00e2ce \u00e0 leur exercice professionnel local, sont la garantie de la prise en compte des contraintes et besoins sp\u00e9cifiques de la profession.<\/p>\n\n\n\n<div class=\"wp-block-media-text has-media-on-the-right is-stacked-on-mobile\" style=\"grid-template-columns:auto 40%\"><div class=\"wp-block-media-text__content\">\n<p><strong>NOTRE ENGAGEMENT<\/strong><\/p>\n\n\n\n<p>Nos \u00e9lus s&rsquo;investissent sans rel\u00e2che, assurant avec rigueur les fonctions qui leur sont confi\u00e9es dans le respect du mandat qui leur a \u00e9t\u00e9 confi\u00e9. <\/p>\n\n\n\n<p>Nous sommes fiers de repr\u00e9senter les avocats et de d\u00e9fendre leurs int\u00e9r\u00eats avec d\u00e9vouement.<\/p>\n<\/div><figure class=\"wp-block-media-text__media\"><img loading=\"lazy\" decoding=\"async\" width=\"1024\" height=\"768\" src=\"https:\/\/abf-avocats.fr\/wp-content\/uploads\/2023\/10\/k-1024x768.jpeg\" alt=\"\" class=\"wp-image-186 size-full\" srcset=\"https:\/\/abf-avocats.fr\/wp-content\/uploads\/2023\/10\/k-1024x768.jpeg 1024w, https:\/\/abf-avocats.fr\/wp-content\/uploads\/2023\/10\/k-300x225.jpeg 300w, https:\/\/abf-avocats.fr\/wp-content\/uploads\/2023\/10\/k-768x576.jpeg 768w, https:\/\/abf-avocats.fr\/wp-content\/uploads\/2023\/10\/k.jpeg 1200w\" sizes=\"auto, (max-width: 1024px) 100vw, 1024px\" \/><\/figure><\/div>\n\n\n\n<div class=\"wp-block-columns alignfull has-text-color has-background is-layout-flex wp-container-core-columns-is-layout-9d6595d7 wp-block-columns-is-layout-flex\" style=\"color:#000000;background-color:#ffffff\">\n<div class=\"wp-block-column is-layout-flow wp-block-column-is-layout-flow\">\n<h3 class=\"wp-block-heading has-text-align-center\" style=\"font-size:24px;line-height:1.3\"><strong><a href=\"https:\/\/abf-avocats.fr\/index.php\/le-mot-de-la-presidente\/\">Le mot de la pr\u00e9sidente \u2197<\/a><\/strong><\/h3>\n\n\n\n<p class=\"has-text-align-center\"><mark style=\"background-color:#ffffff\" class=\"has-inline-color\">D\u00e9couvrez notre pr\u00e9sidente et sa vision.<\/mark><\/p>\n<\/div>\n\n\n\n<div class=\"wp-block-column is-layout-flow wp-block-column-is-layout-flow\">\n<h3 class=\"wp-block-heading has-text-align-center\" style=\"font-size:24px;line-height:1.3\"><a href=\"https:\/\/abf-avocats.fr\/index.php\/annuaire\/\">Election CNB 2023 \u2197<\/a><\/h3>\n\n\n\n<p class=\"has-text-align-center\">Faites entendre votre voix le 28 Novembre 2023 !<\/p>\n<\/div>\n<\/div>\n","protected":false},"excerpt":{"rendered":"<p>L&rsquo;ABF : Une Fondation en 1992 pour la Repr\u00e9sentativit\u00e9 des Avocats Fond\u00e9e en 1992 par des confr\u00e8res d\u00e9termin\u00e9s, l&rsquo;ABF Avenir des Barreaux de France, est un syndicat d&rsquo;avocats d\u00e9di\u00e9 \u00e0 la repr\u00e9sentation de tous les<a class=\"moretag\" href=\"https:\/\/abf-avocats.fr\/index.php\/presentation\/\"> Read more&hellip;<\/a><\/p>\n","protected":false},"author":3,"featured_media":0,"parent":0,"menu_order":0,"comment_status":"closed","ping_status":"closed","template":"","meta":{"_monsterinsights_skip_tracking":false,"_monsterinsights_sitenote_active":false,"_monsterinsights_sitenote_note":"","_monsterinsights_sitenote_category":0,"footnotes":""},"class_list":["post-56","page","type-page","status-publish","hentry"],"_links":{"self":[{"href":"https:\/\/abf-avocats.fr\/index.php\/wp-json\/wp\/v2\/pages\/56","targetHints":{"allow":["GET"]}}],"collection":[{"href":"https:\/\/abf-avocats.fr\/index.php\/wp-json\/wp\/v2\/pages"}],"about":[{"href":"https:\/\/abf-avocats.fr\/index.php\/wp-json\/wp\/v2\/types\/page"}],"author":[{"embeddable":true,"href":"https:\/\/abf-avocats.fr\/index.php\/wp-json\/wp\/v2\/users\/3"}],"replies":[{"embeddable":true,"href":"https:\/\/abf-avocats.fr\/index.php\/wp-json\/wp\/v2\/comments?post=56"}],"version-history":[{"count":10,"href":"https:\/\/abf-avocats.fr\/index.php\/wp-json\/wp\/v2\/pages\/56\/revisions"}],"predecessor-version":[{"id":641,"href":"https:\/\/abf-avocats.fr\/index.php\/wp-json\/wp\/v2\/pages\/56\/revisions\/641"}],"wp:attachment":[{"href":"https:\/\/abf-avocats.fr\/index.php\/wp-json\/wp\/v2\/media?parent=56"}],"curies":[{"name":"wp","href":"https:\/\/api.w.org\/{rel}","templated":true}]}}