{"id":630,"date":"2023-11-16T19:55:07","date_gmt":"2023-11-16T18:55:07","guid":{"rendered":"https:\/\/abf-avocats.fr\/?page_id=630"},"modified":"2023-11-22T20:08:38","modified_gmt":"2023-11-22T19:08:38","slug":"christophe-rouichi","status":"publish","type":"page","link":"https:\/\/abf-avocats.fr\/index.php\/christophe-rouichi\/","title":{"rendered":"Christophe ROUICHI"},"content":{"rendered":"\n<h2 class=\"wp-block-heading has-text-align-center\">\u00ab\u00a0L\u2019ABF est r\u00e9solument tourn\u00e9 vers l\u2019avenir, d\u00e9cid\u00e9 \u00e0 anticiper pour ne pas subir sans renier les fondements de notre d\u00e9ontologie pour r\u00e9pondre aux sir\u00e8nes du consum\u00e9risme.\u00a0\u00bb<\/h2>\n\n\n\n<div class=\"wp-block-media-text has-media-on-the-right is-stacked-on-mobile\"><div class=\"wp-block-media-text__content\">\n<p>Depuis ma prestation de serment en 1999, m\u2019investir au service de la profession proc\u00e8de d\u2019une m\u00eame passion que l\u2019exercice quotidien de celle-ci.<\/p>\n\n\n\n<p>J\u2019ai \u00e9t\u00e9 membre du Conseil de l\u2019Ordre et b\u00e2tonnier d\u2019Orl\u00e9ans de 2016 \u00e0 2018.<\/p>\n\n\n\n<p>Conscients de l\u2019importance de la CARPA pour nos barreaux, j\u2019ai particip\u00e9 activement \u00e0 la cr\u00e9ation de la CARPA CENTRE LOIRE, dont je suis le Vice-Pr\u00e9sident, laquelle regroupe actuellement 10 barreaux.<\/p>\n\n\n\n<p>J\u2019ai prolong\u00e9 cet engagement en si\u00e9geant au Conseil d\u2019Administration de l\u2019UNCA.<\/p>\n\n\n\n<p>Attach\u00e9 \u00e0 nos valeurs et \u00e0 nos territoires, c\u2019est tout naturellement que j\u2019ai adh\u00e9r\u00e9 \u00e0 l\u2019ABF qui porte, en toute ind\u00e9pendance, avec constance et fermet\u00e9 ce en quoi je crois pour notre profession.<\/p>\n<\/div><figure class=\"wp-block-media-text__media\"><img loading=\"lazy\" decoding=\"async\" width=\"819\" height=\"1024\" src=\"https:\/\/abf-avocats.fr\/wp-content\/uploads\/2023\/11\/22-819x1024.png\" alt=\"\" class=\"wp-image-430 size-full\" srcset=\"https:\/\/abf-avocats.fr\/wp-content\/uploads\/2023\/11\/22-819x1024.png 819w, https:\/\/abf-avocats.fr\/wp-content\/uploads\/2023\/11\/22-240x300.png 240w, https:\/\/abf-avocats.fr\/wp-content\/uploads\/2023\/11\/22-768x960.png 768w, https:\/\/abf-avocats.fr\/wp-content\/uploads\/2023\/11\/22.png 1080w\" sizes=\"auto, (max-width: 819px) 100vw, 819px\" \/><\/figure><\/div>\n","protected":false},"excerpt":{"rendered":"<p>\u00ab\u00a0L\u2019ABF est r\u00e9solument tourn\u00e9 vers l\u2019avenir, d\u00e9cid\u00e9 \u00e0 anticiper pour ne pas subir sans renier les fondements de notre d\u00e9ontologie pour r\u00e9pondre aux sir\u00e8nes du consum\u00e9risme.\u00a0\u00bb Depuis ma prestation de serment en 1999, m\u2019investir au<a class=\"moretag\" href=\"https:\/\/abf-avocats.fr\/index.php\/christophe-rouichi\/\"> Read more&hellip;<\/a><\/p>\n","protected":false},"author":3,"featured_media":0,"parent":0,"menu_order":0,"comment_status":"closed","ping_status":"closed","template":"","meta":{"_monsterinsights_skip_tracking":false,"_monsterinsights_sitenote_active":false,"_monsterinsights_sitenote_note":"","_monsterinsights_sitenote_category":0,"footnotes":""},"class_list":["post-630","page","type-page","status-publish","hentry"],"_links":{"self":[{"href":"https:\/\/abf-avocats.fr\/index.php\/wp-json\/wp\/v2\/pages\/630","targetHints":{"allow":["GET"]}}],"collection":[{"href":"https:\/\/abf-avocats.fr\/index.php\/wp-json\/wp\/v2\/pages"}],"about":[{"href":"https:\/\/abf-avocats.fr\/index.php\/wp-json\/wp\/v2\/types\/page"}],"author":[{"embeddable":true,"href":"https:\/\/abf-avocats.fr\/index.php\/wp-json\/wp\/v2\/users\/3"}],"replies":[{"embeddable":true,"href":"https:\/\/abf-avocats.fr\/index.php\/wp-json\/wp\/v2\/comments?post=630"}],"version-history":[{"count":2,"href":"https:\/\/abf-avocats.fr\/index.php\/wp-json\/wp\/v2\/pages\/630\/revisions"}],"predecessor-version":[{"id":632,"href":"https:\/\/abf-avocats.fr\/index.php\/wp-json\/wp\/v2\/pages\/630\/revisions\/632"}],"wp:attachment":[{"href":"https:\/\/abf-avocats.fr\/index.php\/wp-json\/wp\/v2\/media?parent=630"}],"curies":[{"name":"wp","href":"https:\/\/api.w.org\/{rel}","templated":true}]}}

<h2 class="wp-block-heading has-text-align-center">« L’ABF est résolument tourné vers l’avenir, décidé à anticiper pour ne pas subir sans renier les fondements de notre déontologie pour répondre aux sirènes du consumérisme. »</h2>



<div class="wp-block-media-text has-media-on-the-right is-stacked-on-mobile"><div class="wp-block-media-text__content">
<p>Depuis ma prestation de serment en 1999, m’investir au service de la profession procède d’une même passion que l’exercice quotidien de celle-ci.</p>



<p>J’ai été membre du Conseil de l’Ordre et bâtonnier d’Orléans de 2016 à 2018.</p>



<p>Conscients de l’importance de la CARPA pour nos barreaux, j’ai participé activement à la création de la CARPA CENTRE LOIRE, dont je suis le Vice-Président, laquelle regroupe actuellement 10 barreaux.</p>



<p>J’ai prolongé cet engagement en siégeant au Conseil d’Administration de l’UNCA.</p>



<p>Attaché à nos valeurs et à nos territoires, c’est tout naturellement que j’ai adhéré à l’ABF qui porte, en toute indépendance, avec constance et fermeté ce en quoi je crois pour notre profession.</p>
</div><figure class="wp-block-media-text__media"><img loading="lazy" decoding="async" width="819" height="1024" src="https://abf-avocats.fr/wp-content/uploads/2023/11/22-819x1024.png" alt="" class="wp-image-430 size-full" srcset="https://abf-avocats.fr/wp-content/uploads/2023/11/22-819x1024.png 819w, https://abf-avocats.fr/wp-content/uploads/2023/11/22-240x300.png 240w, https://abf-avocats.fr/wp-content/uploads/2023/11/22-768x960.png 768w, https://abf-avocats.fr/wp-content/uploads/2023/11/22.png 1080w" sizes="auto, (max-width: 819px) 100vw, 819px" /></figure></div>

<p>« L’ABF est résolument tourné vers l’avenir, décidé à anticiper pour ne pas subir sans renier les fondements de notre déontologie pour répondre aux sirènes du consumérisme. » Depuis ma prestation de serment en 1999, m’investir au<a class="moretag" href="https://abf-avocats.fr/index.php/christophe-rouichi/"> Read more&hellip;</a></p>
