{"id":90,"date":"2023-10-26T08:16:38","date_gmt":"2023-10-26T06:16:38","guid":{"rendered":"https:\/\/abf-avocats.fr\/?page_id=90"},"modified":"2023-11-29T19:26:39","modified_gmt":"2023-11-29T18:26:39","slug":"la-cnpl","status":"publish","type":"page","link":"https:\/\/abf-avocats.fr\/index.php\/la-cnpl\/","title":{"rendered":"La CNPL"},"content":{"rendered":"\n<h1 class=\"wp-block-heading\"><strong>Une Alliance en Faveur des Professions Lib\u00e9rales<\/strong><\/h1>\n\n\n\n<h2 class=\"wp-block-heading\"><strong>L&rsquo;ABF Avenir des Barreaux de France et la CNPL : <\/strong><\/h2>\n\n\n\n<p>En s&rsquo;associant \u00e0 la CNPL, l&rsquo;ABF renforce sa voix au sein de la communaut\u00e9 des professions lib\u00e9rales et des travailleurs ind\u00e9pendants. Cette collaboration permet d&rsquo;\u0153uvrer ensemble \u00e0 la protection des avocats tout en contribuant \u00e0 la d\u00e9fense des int\u00e9r\u00eats plus larges des professions lib\u00e9rales en France.<\/p>\n\n\n\n<div class=\"wp-block-media-text is-stacked-on-mobile\" style=\"grid-template-columns:29% auto\"><figure class=\"wp-block-media-text__media\"><img loading=\"lazy\" decoding=\"async\" width=\"318\" height=\"159\" src=\"https:\/\/abf-avocats.fr\/wp-content\/uploads\/2023\/10\/telechargement-2.jpeg\" alt=\"\" class=\"wp-image-224 size-full\" srcset=\"https:\/\/abf-avocats.fr\/wp-content\/uploads\/2023\/10\/telechargement-2.jpeg 318w, https:\/\/abf-avocats.fr\/wp-content\/uploads\/2023\/10\/telechargement-2-300x150.jpeg 300w\" sizes=\"auto, (max-width: 318px) 100vw, 318px\" \/><\/figure><div class=\"wp-block-media-text__content\">\n<p><strong>La CNPL : Une Voix pour les Professions Lib\u00e9rales et les Ind\u00e9pendants<\/strong><\/p>\n\n\n\n<p>C&rsquo;est une organisation repr\u00e9sentative des professions lib\u00e9rales et des travailleurs ind\u00e9pendants. Elle rassemble les syndicats des professions lib\u00e9rales de tout le territoire fran\u00e7ais et partage notre engagement en faveur de la repr\u00e9sentativit\u00e9 et de la d\u00e9fense des int\u00e9r\u00eats des professionnels ind\u00e9pendants.<\/p>\n<\/div><\/div>\n\n\n\n<h4 class=\"wp-block-heading\"><strong>L&rsquo;ABF Avenir des Barreaux de France et la CNPL \u0153uvrent pour assurer un avenir prometteur et protecteur aux avocats et \u00e0 l&rsquo;ensemble des professions lib\u00e9rales en France.<\/strong><\/h4>\n\n\n\n<div class=\"wp-block-media-text is-stacked-on-mobile is-vertically-aligned-top\" style=\"grid-template-columns:47% auto\"><figure class=\"wp-block-media-text__media\"><img loading=\"lazy\" decoding=\"async\" width=\"1024\" height=\"512\" src=\"https:\/\/abf-avocats.fr\/wp-content\/uploads\/2023\/10\/AFFILIATION-1024x512.png\" alt=\"\" class=\"wp-image-217 size-full\" srcset=\"https:\/\/abf-avocats.fr\/wp-content\/uploads\/2023\/10\/AFFILIATION-1024x512.png 1024w, https:\/\/abf-avocats.fr\/wp-content\/uploads\/2023\/10\/AFFILIATION-300x150.png 300w, https:\/\/abf-avocats.fr\/wp-content\/uploads\/2023\/10\/AFFILIATION-768x384.png 768w, https:\/\/abf-avocats.fr\/wp-content\/uploads\/2023\/10\/AFFILIATION-1536x768.png 1536w, https:\/\/abf-avocats.fr\/wp-content\/uploads\/2023\/10\/AFFILIATION-2048x1024.png 2048w\" sizes=\"auto, (max-width: 1024px) 100vw, 1024px\" \/><\/figure><div class=\"wp-block-media-text__content\">\n<p><strong><mark style=\"background-color:#ffffff\" class=\"has-inline-color has-black-color\">Une Repr\u00e9sentation Solide et Efficace<\/mark><\/strong><\/p>\n\n\n\n<p>Notre alliance avec la CNPL garantit une repr\u00e9sentation forte et influente au sein des instances d\u00e9cisionnelles et des discussions qui fa\u00e7onnent l&rsquo;avenir des professions lib\u00e9rales et des travailleurs ind\u00e9pendants. Ensemble, nous d\u00e9fendons les droits et les int\u00e9r\u00eats de tous les acteurs de ces professions vari\u00e9es dans le pays.<\/p>\n<\/div><\/div>\n","protected":false},"excerpt":{"rendered":"<p>Une Alliance en Faveur des Professions Lib\u00e9rales L&rsquo;ABF Avenir des Barreaux de France et la CNPL : En s&rsquo;associant \u00e0 la CNPL, l&rsquo;ABF renforce sa voix au sein de la communaut\u00e9 des professions lib\u00e9rales et<a class=\"moretag\" href=\"https:\/\/abf-avocats.fr\/index.php\/la-cnpl\/\"> Read more&hellip;<\/a><\/p>\n","protected":false},"author":3,"featured_media":0,"parent":0,"menu_order":0,"comment_status":"closed","ping_status":"closed","template":"","meta":{"_monsterinsights_skip_tracking":false,"_monsterinsights_sitenote_active":false,"_monsterinsights_sitenote_note":"","_monsterinsights_sitenote_category":0,"footnotes":""},"class_list":["post-90","page","type-page","status-publish","hentry"],"_links":{"self":[{"href":"https:\/\/abf-avocats.fr\/index.php\/wp-json\/wp\/v2\/pages\/90","targetHints":{"allow":["GET"]}}],"collection":[{"href":"https:\/\/abf-avocats.fr\/index.php\/wp-json\/wp\/v2\/pages"}],"about":[{"href":"https:\/\/abf-avocats.fr\/index.php\/wp-json\/wp\/v2\/types\/page"}],"author":[{"embeddable":true,"href":"https:\/\/abf-avocats.fr\/index.php\/wp-json\/wp\/v2\/users\/3"}],"replies":[{"embeddable":true,"href":"https:\/\/abf-avocats.fr\/index.php\/wp-json\/wp\/v2\/comments?post=90"}],"version-history":[{"count":12,"href":"https:\/\/abf-avocats.fr\/index.php\/wp-json\/wp\/v2\/pages\/90\/revisions"}],"predecessor-version":[{"id":640,"href":"https:\/\/abf-avocats.fr\/index.php\/wp-json\/wp\/v2\/pages\/90\/revisions\/640"}],"wp:attachment":[{"href":"https:\/\/abf-avocats.fr\/index.php\/wp-json\/wp\/v2\/media?parent=90"}],"curies":[{"name":"wp","href":"https:\/\/api.w.org\/{rel}","templated":true}]}}